-30)) - 0. Calculate the highest common divisor of w and k.
10
Let d be (-1 + (-12)/(-8))*62. Calculate the highest common divisor of d and 31.
31
Suppose -10 + 46 = 3*o. Calculate the greatest common divisor of 18 and o.
6
Let x(k) = 15*k**3 - 2*k + 1. Let r be x(2). Calculate the highest common divisor of 13 and r.
13
Let i = 71 + -55. What is the greatest common factor of 112 and i?
16
Suppose -180 = -5*x + 445. Calculate the greatest common divisor of 25 and x.
25
Let b = -4 - -4. Let l be 24 + (2 - (b - -2)). Suppose -3*o + 288 = -l. Calculate the highest common factor of 13 and o.
13
Let r be (1188/16)/(6/16). What is the greatest common divisor of 22 and r?
22
Suppose -5*v = n - 19, -v = 5*n - n - 19. Let g(a) = a**2 - a + 5. Let m be g(n). What is the highest common divisor of m and 85?
17
Let h = 31 - 19. Let x be h/(-30) + (-84)/(-10). What is the highest common factor of 24 and x?
8
Suppose 0 = -7*h + 3*h + 24. Calculate the highest common factor of h and 2.
2
Let k(h) = 2*h**2 + h - 5. Suppose 2*f + w = 6*w + 10, f = 5*w + 5. Let t be k(f). What is the highest common divisor of 10 and t?
10
Suppose -46 = 3*p - g - 343, p - 99 = g. Let q be 2/7 - p/(-21). Suppose 0 = -4*o + 9*o - 50. What is the greatest common factor of q and o?
5
Let j(t) = t**2 + 5*t - 6. Let i be j(-5). Let d = -6 - i. Suppose -5*r - 3*z = -d*z - 215, 2*r = z + 75. Calculate the greatest common divisor of 5 and r.
5
Suppose z = 5*z + n - 5, n + 1 = -z. What is the greatest common factor of z and 1?
1
Let x = -3 - -7. Suppose -k - 3*d = -7, x*d + 0*d = -4. Let z be 148/k + (-5)/(-25). Calculate the highest common divisor of z and 6.
3
Let d = 0 - -4. Suppose 0 = -3*l, 3*v - 2*v = 4*l + d. Suppose 4*c = -v*o + 3*o + 83, 115 = o - 4*c. What is the greatest common divisor of o and 11?
11
Let o(d) = d**3 + 5*d**2 + 5*d + 4. Let h be o(-4). Suppose h*m - 6 = -2*m. Calculate the highest common divisor of 15 and m.
3
Let q be (9/(-18))/(1/(-8)). Suppose -26 = -q*c + 22. What is the highest common divisor of c and 132?
12
Let x = -46 - -76. Let b(d) = d - 7. Let n be b(0). Let p be (1 - n)/(6/9). Calculate the highest common factor of x and p.
6
Let c = -365 + 651. Calculate the highest common factor of 26 and c.
26
Let i(n) = 2*n**2 + n + 1. Let u be i(-7). Calculate the greatest common factor of u and 23.
23
Let i(x) = -4*x - 5. Let z be i(-4). Let o = z - 2. Let u = -11 + 12. What is the highest common factor of u and o?
1
Suppose 0*z = -2*z + i + 1, z - 6 = -5*i. Let r be 1 + z - 1 - -89. Calculate the highest common factor of 10 and r.
10
Let u(m) = m**3 - 3*m**2 - 2*m - 2. Let q be u(4). Let g = q - -2. What is the highest common divisor of 64 and g?
8
Suppose -i = -14 + 3. Suppose 0 = -5*l + 53 + 112. Suppose -88 + l = -5*d. What is the greatest common divisor of d and i?
11
Let g = -11 + 23. Suppose 5*z + 432 = 4*b, 3*b + 16*z = 13*z + 324. Calculate the highest common factor of g and b.
12
Let n be 212/7 - 22/77. Calculate the greatest common factor of n and 20.
10
Suppose k + m = -2, -6 = -2*k - 3*m - 5. Let d(t) = -4*t. Let j be d(k). Suppose 0 = 2*n - 0*n - j. What is the greatest common factor of 84 and n?
14
Suppose -2*u = 4*s - 8, -6*s = -s. Suppose 4*f = -2*y + u - 0, 3*f = -3*y + 6. What is the highest common factor of y and 22?
2
Suppose -16 = -5*q + 4. Let v be 1/q + (-18)/8. Let z(l) = -l**3 - l. Let s be z(v). What is the greatest common divisor of s and 90?
10
Let t(q) = q**3 + 18*q**2 + 32*q + 1. Let p be t(-16). What is the greatest common factor of 11 and p?
1
Let l(y) = 6*y + 1. Let g be l(1). Suppose -8*b = -3*b - 385. What is the highest common divisor of g and b?
7
Suppose 3*b - 4*m = 52, -4*b + 0*m = 4*m - 32. Let q(s) = 242*s + 2. Let i be q(-1). Let w be (2/(-4))/(5/i). What is the highest common factor of b and w?
12
Let m = 31 - 22. Suppose -3*i - 12 = -4*b - 7*i, 0 = -3*b + 2*i - 1. Calculate the highest common factor of b and m.
1
Let f(u) = -u - 10. Let c be f(7). Let w = -10 - c. Let n be (0 + 1)*70/2. What is the highest common divisor of n and w?
7
Let u(j) = j. Let z be u(0). Suppose z = -4*q + 50 + 2. Suppose 8*g - 49 - 55 = 0. What is the greatest common factor of q and g?
13
Let f = 17 + 7. Calculate the highest common factor of 3 and f.
3
Let l(y) = 2*y**2 - 1 + 0*y**2 - y**3 + 4*y - 2*y. Let k = -6 - -4. Let j be l(k). What is the greatest common divisor of 22 and j?
11
Suppose 2*w - m = 3*m + 106, -5*w + 4*m + 241 = 0. Calculate the highest common factor of 36 and w.
9
Suppose -4*i - 4*k - 8 = 0, 2 = 2*k - 4. Let z be -1 + 2 + (-115)/i. Calculate the highest common factor of 168 and z.
24
Suppose -2*z = -3*z + 33. Let m(y) = y**2 - y + 11. Let i be m(0). Calculate the highest common divisor of i and z.
11
Let d = -5 - -7. Suppose 82 = 4*f - 4*u - d, -5*f + 101 = -u. Let g be 0 + 30 + (-2 - -2). Calculate the highest common factor of g and f.
10
Let c be 2*1*(-15)/(-3). Let i be 342/10 + (-2)/c. Let b = i + -24. Calculate the greatest common factor of b and 2.
2
Suppose 4*h = 4*f + 15 + 33, -2*h - 4*f - 6 = 0. Suppose 0 = -o + 1 + h. Calculate the greatest common factor of 20 and o.
4
Suppose 0*p = -p + 6. Suppose -p*u + 288 = -2*u. Let d = 22 + -4. Calculate the highest common divisor of d and u.
18
Let j(l) = -l**3 + 7*l**2 + 8*l + 11. Let t be j(8). What is the highest common factor of 77 and t?
11
Suppose -2 = -i + 4*l + 3, 5*i - 6 = l. Let v be (-15)/((-1 - 0)/i). Calculate the greatest common factor of v and 75.
15
Suppose -3*b + 15 = 3*t, 0 = -2*b + 6 - 2. Suppose 5*a = -c + 26, -5*c = -4*a + 6 + 9. Suppose 2*o - c = 3. Calculate the highest common divisor of o and t.
1
Let r be (-2)/6*-3*0. Suppose -5*s = -2*x - 19, r*x + 5*s - 10 = 5*x. What is the greatest common divisor of x and 2?
1
Suppose 3*m = -y + 5*y - 81, -2*m - 42 = -2*y. What is the greatest common factor of y and 72?
18
Let s be -13*(2 - (-6)/(-2)). Suppose s + 8 = 3*p. Calculate the highest common divisor of 49 and p.
7
Suppose -2*n = 3*j + 2*n - 148, 5*n + 43 = j. What is the highest common divisor of j and 12?
12
Let u be (-6)/5 + (-2)/(-10). Let j be 7/u*(-2)/7. Suppose 2 = j*a - 14. What is the highest common divisor of a and 2?
2
Let h be (4/(-6))/(8/84). Let v be (-6)/(-5)*(-10)/2. Let d be v/21 + (-51)/h. Calculate the greatest common divisor of 7 and d.
7
Let m(s) = -s + 9. Let l be m(-10). Calculate the greatest common divisor of 209 and l.
19
Let i(h) = h**3 + 16*h**2 + 10*h - 18. Let q be i(-15). Let b be ((-69)/(-4))/(-1)*4. Let f = -31 - b. What is the highest common divisor of q and f?
19
Suppose 5*q + 14 = 2*h - 28, 68 = 3*h - 5*q. Calculate the highest common divisor of h and 91.
13
Let t(q) = q**3 + 7*q**2 + 4*q - 2. Let l be t(-4). Suppose -3 = -3*s + l. Calculate the highest common factor of 77 and s.
11
Let j = -61 - -67. What is the highest common factor of 6 and j?
6
Suppose 71 = 2*d + 3*f, 4*d - f = 3*f + 152. Let z = -21 + d. Calculate the greatest common divisor of 24 and z.
8
Suppose 0 = -4*x + 5*x - 5. Suppose -460 = 3*r - 4*o, 10 = -4*r + 2*o - 610. Let b = -101 - r. Calculate the highest common divisor of x and b.
5
Suppose 0*p - 3*j + 312 = 5*p, -5*j + 310 = 5*p. Suppose -6 = 2*f + f. Let a = 5 - f. What is the highest common factor of p and a?
7
Let l be 1/2 - (-54)/4. Let q = 91 + 21. Calculate the greatest common factor of l and q.
14
Suppose 5*f + 25 - 10 = 0, -105 = -3*y + 5*f. What is the highest common factor of y and 120?
30
Let l = 2 + 0. Let d be -2 + l + 8*1. Let t(r) = -74*r - 2. Let p be t(-1). Calculate the highest common factor of p and d.
8
Let l = 96 + -90. What is the greatest common divisor of l and 9?
3
Let z be (-492)/(-9) - (-8)/(-12). What is the highest common factor of 18 and z?
18
Suppose -p + 1 = k - 3, 3*k - 4*p + 16 = 0. Let d(a) = 4*a**2 - a + 1. Let w be d(1). Suppose k*c = -c + w. Calculate the highest common factor of 40 and c.
4
Suppose 0*y = -3*y + 15. Suppose -21 = -3*i + 5*b, -4*b + 0 = -y*i + 22. Calculate the highest common divisor of 2 and i.
2
Let l = -10 - -6. Let y(b) = 21*b**2 + 2*b + 1. Let a be y(-1). Let t = l + a. Calculate the greatest common divisor of 32 and t.
16
Let i be (1 + 2/(-4))/(23/2254). Calculate the highest common divisor of i and 343.
49
Suppose 25 = 5*z - 5